1?
True
Does 7 divide 1016420?
False
Does 1433 divide 3918045?
False
Does 343 divide 3659810?
True
Does 34 divide 318886?
True
Does 25 divide 2626364?
False
Is 279 a factor of 10469103?
False
Does 31 divide 863589?
False
Does 19 divide 418690?
False
Is 103417 a multiple of 19?
True
Does 10 divide 17862?
False
Does 173 divide 5156944?
False
Does 848 divide 2453976?
False
Does 716 divide 1102383?
False
Is 237 a multiple of 37?
False
Is 365 a factor of 172294?
False
Is 1054605 a multiple of 421?
True
Is 2422321 a multiple of 26?
False
Is 9 a factor of 859545?
True
Is 220 a factor of 8617491?
False
Is 20 a factor of 166560?
True
Does 38 divide 442890?
True
Is 1138410 a multiple of 139?
True
Is 11 a factor of 2580046?
False
Does 61 divide 174277?
True
Is 1881399 a multiple of 247?
True
Is 6034686 a multiple of 150?
False
Is 59 a factor of 225911?
True
Is 2713233 a multiple of 877?
False
Is 3 a factor of 13563?
True
Is 3544383 a multiple of 209?
False
Is 4 a factor of 4407512?
True
Is 12215627 a multiple of 63?
False
Is 22 a factor of 454202?
False
Is 8554751 a multiple of 916?
False
Does 13 divide 3363470?
False
Is 185377 a multiple of 197?
True
Does 13 divide 1446170?
False
Is 1271 a factor of 1760335?
True
Is 334 a factor of 1346447?
False
Does 10 divide 120670?
True
Does 50 divide 2622450?
True
Does 9 divide 560327?
False
Is 117964 a multiple of 5?
False
Is 4 a factor of 25779?
False
Is 7261065 a multiple of 21?
True
Does 581 divide 1516410?
True
Does 73 divide 10736765?
False
Is 32880 a multiple of 10?
True
Is 265560 a multiple of 120?
True
Does 101 divide 2264723?
True
Is 692756 a multiple of 20?
False
Is 36 a factor of 28624896?
True
Does 7 divide 1021751?
False
Is 67 a factor of 493455?
True
Is 148514 a multiple of 118?
False
Is 70 a factor of 612220?
True
Is 521 a factor of 15212466?
False
Is 432491 a multiple of 106?
False
Is 3 a factor of 1085109?
True
Is 305660 a multiple of 23?
False
Is 794124 a multiple of 43?
True
Does 138 divide 4711182?
True
Does 21 divide 4257876?
True
Is 16888 a multiple of 235?
False
Is 831756 a multiple of 45?
False
Does 128 divide 440960?
True
Does 672 divide 3515928?
False
Is 80 a factor of 170827?
False
Does 92 divide 6900?
True
Is 4714864 a multiple of 712?
True
Does 1530 divide 16741260?
True
Is 694467 a multiple of 14?
False
Is 202002 a multiple of 393?
True
Is 77 a factor of 11535507?
False
Is 340 a factor of 131920?
True
Is 847023 a multiple of 3?
True
Does 15 divide 2061780?
True
Is 136 a factor of 11580837?
False
Is 19 a factor of 47997?
False
Is 267245 a multiple of 113?
True
Does 212 divide 3173293?
False
Is 1937227 a multiple of 65?
False
Does 353 divide 1861016?
True
Does 926 divide 1879780?
True
Is 225 a factor of 128201?
False
Does 325 divide 763100?
True
Is 201 a factor of 882993?
True
Is 4 a factor of 242166?
False
Is 7 a factor of 1958668?
False
Does 195 divide 569141?
False
Does 7 divide 1186255?
True
Does 256 divide 87964?
False
Is 29526 a multiple of 57?
True
Is 65280 a multiple of 20?
True
Is 53 a factor of 1666149?
False
Is 211490 a multiple of 10?
True
Does 37 divide 2728454?
True
Does 356 divide 4738375?
False
Is 7 a factor of 1534070?
False
Does 82 divide 23713305?
False
Is 82 a factor of 236590?
False
Does 142 divide 3009548?
True
Is 6347700 a multiple of 10?
True
Is 2610269 a multiple of 57?
False
Does 18 divide 3021816?
False
Is 43539 a multiple of 23?
True
Is 1765192 a multiple of 49?
False
Is 18616592 a multiple of 172?
True
Is 18414 a multiple of 186?
True
Is 13 a factor of 5000151?
True
Is 12 a factor of 2770500?
True
Is 8 a factor of 68239?
False
Is 464 a factor of 83056?
True
Does 87 divide 3585618?
True
Is 1578213 a multiple of 329?
True
Is 29 a factor of 596973?
False
Is 5 a factor of 32225?
True
Is 113533 a multiple of 41?
False
Is 71 a factor of 202847?
True
Does 73 divide 29334?
False
Does 289 divide 106930?
True
Does 34 divide 460619?
False
Is 94067 a multiple of 16?
False
Does 10 divide 402839?
False
Is 7 a factor of 70248?
False
Is 6 a factor of 42464?
False
Does 74 divide 1309282?
True
Is 414266 a multiple of 103?
True
Does 22 divide 36056?
False
Is 5200524 a multiple of 126?
True
Is 203304 a multiple of 86?
True
Is 28 a factor of 75712?
True
Is 54 a factor of 860868?
True
Is 8 a factor of 34968?
True
Is 34 a factor of 912520?
False
Is 23703912 a multiple of 9?
True
Is 44178 a multiple of 133?
False
Is 29 a factor of 1329940?
True
Is 814640 a multiple of 599?
True
Is 345 a factor of 5860863?
False
Is 1071 a factor of 11327967?
True
Is 54 a factor of 324?
True
Is 92059 a multiple of 458?
False
Does 496 divide 2093120?
True
Is 603459 a multiple of 14?
False
Is 416745 a multiple of 343?
True
Does 93 divide 49011?
True
Does 2 divide 68424?
True
Is 12 a factor of 39024?
True
Does 21 divide 244335?
True
Is 44 a factor of 314776?
True
Is 173 a factor of 5901690?
False
Is 199 a factor of 213527?
True
Is 30060 a multiple of 10?
True
Is 288 a factor of 2225677?
False
Is 96 a factor of 151081?
False
Is 7 a factor of 42035?
True
Does 48 divide 17123?
False
Is 53 a factor of 409849?
True
Is 117 a factor of 353196?
False
Is 723 a factor of 895074?
True
Is 3058080 a multiple of 10?
True
Does 81 divide 141715?
False
Is 19539 even?
False
Is 30 a factor of 8804496?
False
Is 495 a factor of 8586270?
True
Is 10 a factor of 374537?
False
Does 810 divide 711473?
False
Is 64 a factor of 1966619?
False
Is 171 a factor of 5341872?
False
Is 313 a factor of 753078?
True
Is 81 a factor of 46137?
False
Is 22 a factor of 208076?
True
Does 251 divide 7826?
False
Is 37857 a multiple of 10?
False
Does 220 divide 1572221?
False
Is 154 a factor of 21442806?
True
Is 4 a factor of 18207?
False
Is 36 a factor of 141912?
True
Does 149 divide 3849862?
True
Is 69392 a multiple of 57?
False
Is 16044 a multiple of 12?
True
Is 397 a factor of 2067973?
True
Is 1224781 a multiple of 11?
False
Is 5039280 a multiple of 19?
False
Is 4795367 a multiple of 85?
False
Is 169862 a multiple of 88?
False
Is 14 a factor of 705824?
True
Is 17032583 a multiple of 331?
False
Is 6520198 a multiple of 30?
False
Is 20 a factor of 101658?
False
Does 22 divide 18525760?
True
Is 21656 a multiple of 91?
False
Is 3268650 a multiple of 77?
True
Does 10 divide 556758?
False
Is 1385840 a multiple of 11?
False
Is 186 a factor of 649327?
False
Is 119475 a multiple of 12?
False
Is 106850 a multiple of 25?
True
Does 125 divide 9268000?
True
Is 207631 a multiple of 498?
False
Is 161938 a multiple of 43?
True
Is 2498824 a multiple of 20?
False
Does 125 divide 560625?
True
Is 1016705 a multiple of 28?
False
Is 876667 a multiple of 52?
False
Does 280 divide 616000?
True
Is 4113395 a multiple of 121?
True
Is 53360 a multiple of 8?
True
Does 209 divide 373065?
True
Does 47 divide 6691155?
True
Does 13 divide 1232540?
False
Does 60 divide 25920?
True
Is 3787841 a multiple of 36?
False
Is 27 a factor of 1506013?
False
Is 70 a factor of 266650?
False
Does 42 divide 751280?
False
Does 51 divide 224998?
False
Does 49 divide 8969058?
True
Does 180 divide 190620?
True
Is 93951 a multiple of 19?
False
Is 586594 a multiple of 2?
True
Does 31 divide 856174?
False
Does 2 divide 99260?
True
Is 198442 a multiple of 317?
True
Does 138 divide 762043?
False
Does 130 divide 174382?
False
Does 271 divide 222159?
False
Does 18 divide 92916?
True
Is 6 a factor of 587729?
False
Does 331 divide 3248434?
True
Is 32 a factor of 691980?
False
Does 319 divide 4908134?
True
Is 7 a factor of 286111?
True
Does 10 divide 576855?
False
Does 14 divide 664468?
True
Is 1445664 a multiple of 44?
True
Does 313 divide 1884322?
False
Is 3 a factor of 73288?
False
Is 66 a factor of 1659636?
True
Is 8592089 a multiple of 187?
True
Is 3230803 a multiple of 61?
False
Is 1676338 a multiple of 13?
False
Does 242 divide 184888?
True
Is 847514 a multiple of 8?
False
Does 13 divide 29172?
True
Is 6023106 a multiple of 6?
True
Does 2 divide 4228?
True
Does 6 divide 520717?
False
Is 29100 a multiple of 30?
True
Does 50 divide 851950?
True
Is 163 a factor of 3717095?
False
Is 72 a factor of 156168?
True
Is 276950 a multiple of 25?
True
Does 11 divide 1874984?
False
Does 294 divide 108486?
True
Is 66 a factor of 1691316?
True
Is 197 a factor of 360913?
False
Is 65919 a multiple of 73?
True
Is